se 6) to base 2.
1001
What is -1001011 (base 2) in base 10?
-75
Convert 5 (base 9) to base 2.
101
What is 114 (base 5) in base 8?
42
3 (base 12) to base 9
3
13 (base 7) to base 14
a
-4 (base 14) to base 15
-4
What is 3 (base 10) in base 4?
3
What is -2 (base 5) in base 10?
-2
What is -1 (base 2) in base 7?
-1
What is 47 (base 12) in base 3?
2001
10 (base 2) to base 10
2
Convert 3 (base 16) to base 8.
3
Convert 19 (base 13) to base 16.
16
3013 (base 4) to base 3
21101
Convert -13 (base 10) to base 6.
-21
-1 (base 10) to base 2
-1
11001 (base 2) to base 12
21
-10100 (base 2) to base 6
-32
0 (base 13) to base 16
0
-40 (base 8) to base 12
-28
What is 1 (base 13) in base 11?
1
What is -1 (base 10) in base 14?
-1
Convert -30 (base 9) to base 7.
-36
Convert -271 (base 8) to base 10.
-185
-10 (base 6) to base 14
-6
What is 0 (base 8) in base 15?
0
What is 1 (base 16) in base 6?
1
What is -40 (base 5) in base 4?
-110
Convert 35 (base 13) to base 2.
101100
-6 (base 8) to base 4
-12
Convert 64 (base 11) to base 7.
130
What is -23 (base 11) in base 8?
-31
50 (base 6) to base 10
30
Convert -2 (base 13) to base 16.
-2
-1 (base 14) to base 10
-1
Convert 1001 (base 2) to base 4.
21
-202 (base 4) to base 2
-100010
What is c4 (base 14) in base 3?
20101
What is -9a (base 13) in base 12?
-a7
What is 2 (base 13) in base 5?
2
What is -332 (base 6) in base 7?
-242
-1110111 (base 2) to base 9
-142
Convert -5 (base 6) to base 9.
-5
What is -31 (base 15) in base 12?
-3a
What is 44 (base 10) in base 4?
230
Convert 19 (base 15) to base 9.
26
4 (base 13) to base 11
4
-28 (base 16) to base 2
-101000
Convert 3 (base 16) to base 15.
3
-2 (base 12) to base 13
-2
-84 (base 9) to base 12
-64
Convert -22 (base 6) to base 10.
-14
Convert 5 (base 11) to base 14.
5
-1 (base 10) to base 2
-1
Convert -12 (base 8) to base 11.
-a
6 (base 10) to base 15
6
Convert -2 (base 5) to base 15.
-2
38 (base 10) to base 2
100110
-246 (base 9) to base 13
-129
What is 2 (base 12) in base 4?
2
Convert 1 (base 8) to base 5.
1
-15 (base 7) to base 4
-30
-2 (base 3) to base 7
-2
What is 221 (base 5) in base 8?
75
Convert 2 (base 10) to base 15.
2
What is -1223 (base 5) in base 6?
-512
301 (base 4) to base 2
110001
-4 (base 10) to base 3
-11
-1aa (base 13) to base 9
-373
Convert -50 (base 9) to base 10.
-45
What is 7 (base 12) in base 13?
7
What is 0 (base 5) in base 2?
0
2 (base 14) to base 9
2
What is 1 (base 11) in base 2?
1
-2 (base 8) to base 14
-2
15 (base 15) to base 8
24
42 (base 5) to base 14
18
What is -134 (base 10) in base 9?
-158
What is -44 (base 5) in base 3?
-220
What is 11010 (base 2) in base 14?
1c
-6 (base 8) to base 15
-6
13 (base 14) to base 8
21
0 (base 16) to base 12
0
What is -3 (base 8) in base 2?
-11
What is -11 (base 2) in base 7?
-3
3 (base 15) to base 6
3
-1 (base 11) to base 8
-1
Convert -61 (base 7) to base 9.
-47
What is -24 (base 10) in base 16?
-18
Convert 1 (base 13) to base 15.
1
What is -1 (base 7) in base 16?
-1
26 (base 8) to base 12
1a
101 (base 3) to base 11
a
What is -10 (base 7) in base 8?
-7
Convert 1 (base 5) to base 12.
1
Convert -8 (base 10) to base 16.
-8
Convert -10 (base 13) to base 14.
-d
Convert 3313 (base 4) to base 14.
139
Convert 6 (base 13) to base 9.
6
Convert -72 (base 12) to base 13.
-68
7 (base 12) to base 8
7
Convert -56 (base 12) to base 13.
-51
Convert 124 (base 12) to base 5.
1142
-7 (base 14) to base 5
-12
5 (base 9) to base 6
5
What is 42 (base 6) in base 3?
222
What is 5 (base 13) in base 6?
5
-11 (base 15) to base 5
-31
What is 11 (base 11) in base 2?
1100
Convert -2 (base 5) to base 16.
-2
What is -14 (base 5) in base 10?
-9
-3 (base 7) to base 6
-3
Convert 4 (base 8) to base 6.
4
-42 (base 7) to base 3
-1010
-19 (base 10) to base 2
-10011
Convert -a (base 14) to base 6.
-14
14 (base 5) to base 6
13
-10 (base 6) to base 12
-6
What is -22 (base 8) in base 5?
-33
3d (base 16) to base 14
45
What is 0 (base 9) in base 10?
0
What is -16 (base 8) in base 14?
-10
10301 (base 4) to base 14
17b
-100110 (base 2) to base 9
-42
0 (base 7) to base 8
0
-5 (base 11) to base 5
-10
What is 9 (base 10) in base 4?
21
What is 25 (base 9) in base 7?
32
-12 (base 9) to base 7
-14
Convert -20 (base 16) to base 3.
-1012
-1 (base 2) to base 5
-1
Convert 232 (base 8) to base 10.
154
What is 2301 (base 5) in base 13?
1c1
What is -2 (base 15) in base 7?
-2
Convert -55 (base 8) to base 9.
-50
21 (base 7) to base 9
16
-113 (base 5) to base 13
-27
Convert -5 (base 7) to base 4.
-11
13 (base 15) to base 2
10010
Convert 131 (base 5) to base 10.
41
1 (base 16) to base 7
1
What is -66 (base 7) in base 15?
-33
Convert -1 (base 16) to base 5.
-1
Convert 104 (base 13) to base 6.
445
What is 3 (base 8) in base 13?
3
What is c (base 15) in base 13?
c
What is -31 (base 11) in base 7?
-46
-3 (base 9) to base 10
-3
-22 (base 4) to base 16
-a
-1 (base 14) to base 3
-1
What is 6 (base 13) in base 5?
11
23 (base 4) to base 9
12
Convert 13 (base 6) to base 14.
9
2 (base 12) to base 3
2
What is -3 (base 11) in base 6?
-3
What is -8 (base 12) in base 16?
-8
What is -10 (base 6) in base 9?
-6
Convert b (base 15) to base 7.
14
What is -11 (base 5) in base 14?
-6
Convert -10011 (base 2) to base 7.
-25
-5 (base 11) to base 8
-5
Convert 34 (base 13) to base 9.
47
What is 222 (base 4) in base 12?
36
dc (base 16) to base 15
ea
Convert -21 (base 14) to base 15.
-1e
What is 0 (base 12) in base 6?
0
Convert -117 (base 12) to base 16.
-a3
What is -31 (base 6) in base 11?
-18
Convert -e (base 15) to base 16.
-e
10 (base 4) to base 2
100
What is -1164 (base 7) in base 2?
-110110110
-10 (base 2) to base 7
-2
Convert 6 (base 10) to base 7.
6
-321 (base 6) to base 12
-a1
What is 183 (base 15) in base 13?
20a
0 (base 12) to base 16
0
-55 (base 10) to base 6
-131
What is -14 (base 11) in base 9?
-16
-21 (base 4) to base 11
-9
Convert -2233 (base 4) to base 2.
-10101111
10 (base 3) to base 8
3
What is 32 (base 4) in base 7?
20
113 (base 6) to base 13
36
Convert 1302 (base 4) to base 9.
136
21000 (base 3) to base 10
189
What is 12 (base 8) in base 9?
11
What is 8 (base 11) in base 6?
12
Convert -3e (base 15) to base 10.
-59
What is -171 (base 15) in base 5?
-2311
What is -2 (base 13) in base 7?
-2
Convert 2 (base 12) to base 15.
2
-3 (base 15) to base 4
-3
What is -2 (base 11) in base 12?
-2
0 (base 2) to base 16
0
What is 101 (base 2) in base 10?
5
What is -21 (base 9) in base 3?
-201
Convert -b (base 13) to base 5.
-21
Convert -5 (base 11) to base 15.
-5
Convert -11 (base 5) to base 2.
-110
Convert a4 (base 16) to base 4.
2210
What is 1001101 (base 2) in base 6?
205
15 (base 8) to base 11
12
6 (base 16) to base 5
11
-9 (base 13) to base 9
-10
Convert -50 (base 7) to base 11.
-32
Convert -4 (base 16) to base 4.
-10
What is 34 (base 11) in base 6?
101
Convert -101111 (base 2) to base 11.
-43
What is 1 (base 9) in base 2?
1
What is -155 (base 7) in base 10?
-89
Convert -21 (base 4) to base 12.
-9
6 (base 12) to base 6
10
0 (base 4) to base 7
0
What is -6 (base 10) in base 9?
-6
-4 (base 16) to base 11
-4
What is -16 (base 12) in base 6?
-30
76 (base 11) to base 14
5d
What is 2 (base 16) in base 14?
2
Convert 0 (base 15) to base 13.
0
-52 (base 6) to base 7
-44
What is 10 (base 6) in base 10?
6
What is 5 (base 8) in base 13?
5
Convert 387 (base 9) to base 11.
273
What is -c (base 13) in base 8?
-14
What is 1000110 (base 2) in base 14?
50
What is 12 (base 10) in base 8?
14
-12 (base 8) to base 16
-a
What is -2 (base 4) in base 8?
-2
-1 (base 9) to base 11
-1
What is -12 (base 5) in base 11?
-7
Convert -67 (base 11) to base 10.
-73
Convert 1 (base 16) to base 6.
1
Convert 12 (base 7) to base 2.
1001
-1 (base 13) to base 10
-1
What is -14 (base 15) in base 14?
-15
18 (base 11) to base 16
13
What is -110 (base 2) in base 4?
-12
Convert -124 (base 8) to base 10.
-84
Convert 22 (base 11) to base 14.
1a
What is -56 (base 8) in base 6?
-114
Convert 3 (base 9) to base 16.
3
What is -6 (base 12) in base 13?
-6
-12 (base 10) to base 12
-10
9 (base 15) to base 8
11
What is -15 (base 13) in base 6?
-30
46 (base 16) to base 7
130
-41 (base 10) to base 11
-38
What is -ab (base 14) in base 10?
-151
Convert 1 (base 11) to base 4.
1
Convert 3 (base 9) to base 4.
3
Convert -24 (base 15) to base 9.
-37
What is -1011 (ba